 55358321
What are the prime factors of 227649375?
3, 5, 40471
What are the prime factors of 959716376?
2, 179, 670193
What are the prime factors of 2087560616?
2, 3557, 73361
What are the prime factors of 609902749?
609902749
What are the prime factors of 438089660?
2, 5, 17, 29, 157, 283
List the prime factors of 143743678.
2, 13, 5528603
What are the prime factors of 142045676?
2, 17, 2088907
List the prime factors of 35810415.
3, 5, 17, 46811
List the prime factors of 32666161.
11, 2969651
List the prime factors of 138355511.
7, 19, 23, 31, 1459
List the prime factors of 2620579942.
2, 79, 16585949
List the prime factors of 33585577.
331, 101467
What are the prime factors of 835703614?
2, 29, 14408683
What are the prime factors of 3214157877?
3, 7, 233, 218963
What are the prime factors of 906733255?
5, 23, 599, 13163
What are the prime factors of 185538497?
185538497
What are the prime factors of 978883604?
2, 13613, 17977
What are the prime factors of 392346715?
5, 311, 252313
List the prime factors of 38716328.
2, 7, 691363
What are the prime factors of 58903256?
2, 7362907
What are the prime factors of 241055667?
3, 26783963
List the prime factors of 211003807.
7, 139, 216859
List the prime factors of 1669623883.
929, 1797227
List the prime factors of 128494799.
1259, 102061
What are the prime factors of 5237608874?
2, 2618804437
List the prime factors of 11879683.
11879683
What are the prime factors of 307693862?
2, 7, 23, 353, 2707
What are the prime factors of 346674752?
2, 79, 68567
What are the prime factors of 1903953994?
2, 29, 809, 40577
List the prime factors of 587120371.
71, 211, 39191
List the prime factors of 21477966.
2, 3, 47, 76163
What are the prime factors of 291211122?
2, 3, 17, 1657, 1723
What are the prime factors of 3505224748?
2, 23, 37, 53, 19429
What are the prime factors of 1230270463?
19, 43, 71, 127, 167
List the prime factors of 38638031.
41, 79, 151
What are the prime factors of 1482207827?
37, 40059671
List the prime factors of 101844948.
2, 3, 8487079
List the prime factors of 3522227.
47, 74941
What are the prime factors of 17604433?
7, 11, 97, 2357
What are the prime factors of 449224040?
2, 5, 23, 488287
List the prime factors of 1829985626.
2, 7, 1831, 71389
List the prime factors of 1002879985.
5, 337, 595181
List the prime factors of 183800524.
2, 5167, 8893
What are the prime factors of 39484701?
3, 643, 6823
List the prime factors of 41310921.
3, 19, 23, 31511
List the prime factors of 64514227.
64514227
What are the prime factors of 43676046?
2, 3, 43, 73, 773
List the prime factors of 55686820.
2, 5, 7, 397763
What are the prime factors of 611092578?
2, 3, 101848763
List the prime factors of 494015249.
7, 13, 5428739
List the prime factors of 232007729.
449, 516721
List the prime factors of 82803230.
2, 5, 61, 135743
List the prime factors of 910027504.
2, 1307, 43517
What are the prime factors of 73189046?
2, 7, 17, 197, 223
What are the prime factors of 6047971?
17, 355763
What are the prime factors of 182258004?
2, 3, 37, 410491
What are the prime factors of 381792711?
3, 8089, 15733
What are the prime factors of 50672766?
2, 3, 401, 21061
What are the prime factors of 5043500145?
3, 5, 23, 101, 48247
What are the prime factors of 480014935?
5, 2549, 37663
List the prime factors of 1525671638.
2, 83, 103, 89231
List the prime factors of 54140129.
29, 1866901
List the prime factors of 301400420.
2, 5, 19, 793159
What are the prime factors of 122405468?
2, 349, 87683
What are the prime factors of 599629663?
599629663
List the prime factors of 227128927.
163, 1009, 1381
What are the prime factors of 156004411?
659, 236729
What are the prime factors of 3724889?
7, 401, 1327
What are the prime factors of 55167616?
2, 7, 23, 2677
What are the prime factors of 191348307?
3, 3461, 6143
List the prime factors of 473157410.
2, 5, 11, 619, 6949
List the prime factors of 655314681.
3, 7, 4457923
List the prime factors of 680562351.
3, 7, 809, 4451
List the prime factors of 412569540.
2, 3, 5, 2292053
List the prime factors of 188043784.
2, 71, 331063
What are the prime factors of 422415593?
919, 459647
List the prime factors of 637991076.
2, 3, 53165923
What are the prime factors of 92455122?
2, 3, 79, 195053
List the prime factors of 108482136.
2, 3, 7, 645727
List the prime factors of 85410285.
3, 5, 5694019
What are the prime factors of 39233957?
7, 800693
What are the prime factors of 2633549028?
2, 3, 11, 1813739
What are the prime factors of 169831069?
47, 73, 49499
What are the prime factors of 1805867036?
2, 271, 1665929
List the prime factors of 179564363.
11, 97, 15299
What are the prime factors of 1802578816?
2, 17, 23, 36017
What are the prime factors of 1063323825?
3, 5, 14177651
List the prime factors of 6396046907.
22051, 290057
List the prime factors of 66911211.
3, 137, 18089
What are the prime factors of 666058763?
457, 1457459
List the prime factors of 131101646.
2, 13, 5042371
What are the prime factors of 2740505890?
2, 5, 23, 281, 42403
List the prime factors of 379192557.
3, 19, 6652501
List the prime factors of 2179237770.
2, 3, 5, 29, 113, 821
List the prime factors of 105567670.
2, 5, 13, 727, 1117
What are the prime factors of 2761547484?
2, 3, 541, 425377
What are the prime factors of 80863079?
11, 7351189
What are the prime factors of 1653220964?
2, 17, 139, 174907
List the prime factors of 78064340.
2, 5, 17, 229601
What are the prime factors of 2131188602?
2, 23, 46330187
List the prime factors of 4969446251.
7, 11, 64538263
What are the prime factors of 439138751?
1213, 362027
List the prime factors of 352460043.
3, 13, 3012479
List the prime factors of 607957525.
5, 7, 359, 9677
What are the prime factors of 484361676?
2, 3, 13454491
List the prime factors of 2200713809.
7, 167, 1882561
List the prime factors of 1178901701.
1178901701
What are the prime factors of 20546409?
3, 13, 526831
What are the prime factors of 82745637?
3, 13, 2121683
What are the prime factors of 1169282110?
2, 5, 479, 244109
List the prime factors of 21246189.
3, 7082063
List the prime factors of 31517742.
2, 3, 5252957
What are the prime factors of 6024812315?
5, 19, 61, 1039657
List the prime factors of 18294313.
18294313
What are the prime factors of 117050995?
5, 23410199
What are the prime factors of 1095831259?
29873, 36683
List the prime factors of 1137428027.
17, 19, 41, 85889
List the prime factors of 250126406.
2, 17, 239, 30781
List the prime factors of 134450540.
2, 5, 7, 131, 7331
List the prime factors of 442155721.
7, 29, 317, 6871
What are the prime factors of 91604598?
2, 3, 47, 324839
List the prime factors of 1075185718.
2, 19, 28294361
What are the prime factors of 342428895?
3, 5, 37, 205663
List the prime factors of 735736004.
2, 103, 491, 3637
List the prime factors of 2278412027.
59, 38617153
What are the prime factors of 15175036?
2, 59, 64301
List the prime factors of 2385937831.
367, 631, 10303
What are the prime factors of 18224363?
19, 2657
List the prime factors of 453195361.
43, 10539427
What are the prime factors of 10420796?
2, 17, 153247
List the prime factors of 962353743.
3, 13, 19, 1298723
What are the prime factors of 195543591?
3, 89, 732373
What are the prime factors of 55337625?
3, 5, 7, 7027
List the prime factors of 6353629207.
5479, 1159633
What are the prime factors of 921934810?
2, 5, 2237, 41213
List the prime factors of 3141448.
2, 37, 10613
What are the prime factors of 758610109?
293, 2589113
List the prime factors of 8015255.
5, 1603051
List the prime factors of 11736601.
23, 510287
What are the prime factors of 48486935?
5, 7, 1385341
What are the prime factors of 1637531644?
2, 7, 19, 23, 37, 3617
What are the prime factors of 687845388?
2, 3, 149, 384701
What are the prime factors of 75886822?
2, 11, 31, 111271
List the prime factors of 1157960502.
2, 3, 43, 498691
List the prime factors of 116346528.
2, 3, 403981
List the prime factors of 125378398.
2, 103, 608633
List the prime factors of 70846916.
2, 7, 2530247
List the prime factors of 26598699.
3, 328379
What are the prime factors of 2567969917?
2567969917
What are the prime factors of 198096622?
2, 19, 29, 67, 2683
List the prime factors of 3046548558.
2, 3, 67, 7578479
What are th